hest common divisor of 13711 and 28?
1
Calculate the greatest common divisor of 228722494 and 4186.
182
Calculate the highest common factor of 190696 and 38841.
121
Calculate the greatest common divisor of 6292 and 1513369.
143
Calculate the highest common divisor of 28891395 and 18850.
1885
What is the highest common divisor of 30064 and 2535221960?
15032
What is the greatest common factor of 1561860 and 1990?
10
What is the highest common divisor of 33726 and 61904?
146
What is the highest common divisor of 58245036 and 4484?
236
Calculate the greatest common divisor of 175146820 and 40.
20
What is the highest common factor of 192 and 6792?
24
What is the greatest common factor of 25713 and 50661?
9
What is the greatest common factor of 3012 and 385023?
3
What is the highest common factor of 88026 and 661266?
102
What is the greatest common divisor of 110894 and 121646?
14
Calculate the greatest common factor of 282 and 195714627.
141
What is the highest common divisor of 572 and 1232737?
11
Calculate the highest common divisor of 168750 and 304250.
250
Calculate the highest common divisor of 311558949 and 13.
13
Calculate the greatest common factor of 13514 and 2257534.
58
Calculate the highest common divisor of 58 and 2217746.
58
Calculate the highest common divisor of 1648888 and 298.
2
Calculate the greatest common factor of 1606 and 233162.
146
Calculate the highest common factor of 41151438 and 6018.
354
What is the greatest common divisor of 922402458 and 186?
186
What is the greatest common divisor of 247 and 130296283?
13
Calculate the highest common factor of 610 and 1993900.
10
Calculate the highest common factor of 63 and 22895820.
9
What is the greatest common divisor of 6459589 and 903?
43
What is the greatest common factor of 650694 and 81642?
66
What is the greatest common divisor of 12870 and 1403948?
26
Calculate the highest common divisor of 18 and 5589438.
6
What is the highest common divisor of 434 and 61221993?
217
Calculate the highest common divisor of 88 and 7799.
11
Calculate the greatest common factor of 26 and 3240414.
2
What is the greatest common factor of 1323933 and 9407?
409
Calculate the highest common factor of 653 and 74546.
1
What is the highest common factor of 21575 and 13076176?
863
Calculate the greatest common divisor of 1198875 and 7500.
375
Calculate the highest common divisor of 17557760 and 430.
430
What is the greatest common factor of 22 and 387190144?
22
What is the greatest common factor of 1658680480 and 2720?
2720
What is the greatest common factor of 2882751 and 82?
41
Calculate the greatest common divisor of 6269730 and 60.
30
Calculate the highest common factor of 2006 and 1726282.
34
What is the greatest common divisor of 10964430 and 3510?
270
What is the greatest common divisor of 74146172 and 36679?
853
Calculate the highest common factor of 9782458 and 49.
49
Calculate the highest common divisor of 10520 and 232339460.
5260
Calculate the greatest common divisor of 145438112 and 28132.
2164
What is the greatest common divisor of 5325028 and 1914488?
5732
What is the greatest common divisor of 14749 and 338303?
7
What is the greatest common divisor of 798076654 and 10942?
10942
What is the greatest common factor of 14105 and 2352805?
455
What is the highest common divisor of 5842713 and 6808?
23
What is the highest common divisor of 64558 and 519902?
382
What is the highest common divisor of 5172 and 16024149?
1293
What is the highest common divisor of 4637158 and 986?
986
Calculate the greatest common factor of 180 and 22943090.
10
Calculate the greatest common factor of 128442600 and 17100.
900
Calculate the greatest common factor of 749912 and 32.
8
What is the highest common factor of 26 and 25052768?
26
Calculate the highest common factor of 14 and 8896974.
2
Calculate the greatest common divisor of 1 and 3908423.
1
What is the greatest common divisor of 3370 and 37368245?
1685
What is the greatest common divisor of 624 and 569865816?
312
What is the highest common factor of 135171 and 264339?
207
What is the greatest common factor of 9 and 389115207?
9
What is the greatest common divisor of 18628233 and 2413?
127
Calculate the greatest common divisor of 2789537590 and 70.
70
What is the highest common factor of 4845 and 1640415?
255
What is the highest common factor of 678 and 102123750?
678
Calculate the highest common divisor of 13731471 and 593541.
6669
Calculate the greatest common divisor of 116353178 and 2.
2
What is the highest common factor of 612204 and 80733?
51
Calculate the highest common divisor of 51274597 and 627.
209
Calculate the highest common factor of 2332688 and 7936.
496
What is the highest common factor of 1795 and 10868366?
359
What is the highest common factor of 138 and 65062814?
46
Calculate the greatest common factor of 222277654 and 3074.
106
Calculate the highest common factor of 264924 and 119988.
1188
Calculate the greatest common divisor of 7061532 and 57888.
804
Calculate the highest common divisor of 19382545 and 41860.
455
What is the highest common divisor of 287 and 3836329?
287
Calculate the greatest common divisor of 18036 and 21449313.
4509
What is the highest common divisor of 2731991 and 2330467?
2713
Calculate the highest common factor of 10295 and 32131420.
145
Calculate the highest common factor of 4700 and 2388164.
188
What is the greatest common divisor of 2032236 and 1836?
108
What is the greatest common divisor of 39273 and 465595?
247
What is the highest common divisor of 3672 and 1508307048?
3672
What is the greatest common factor of 86621010 and 3150?
210
Calculate the highest common divisor of 81187964 and 44.
44
Calculate the highest common factor of 55 and 1058175.
5
What is the greatest common factor of 7637 and 7875?
7
What is the greatest common factor of 113 and 15515239?
113
Calculate the highest common factor of 7852933 and 11.
11
Calculate the greatest common divisor of 22161 and 717429.
267
Calculate the greatest common divisor of 41092819 and 24670.
2467
What is the greatest common divisor of 738 and 1978947?
369
What is the greatest common factor of 4554529 and 1449?
161
Calculate the greatest common factor of 437097843 and 12915.
2583
What is the highest common divisor of 38060 and 12545960?
3460
Calculate the highest common divisor of 874322058 and 2634.
2634
Calculate the greatest common factor of 4641 and 1140153.
21
Calculate the highest common divisor of 8730162 and 602.
14
What is the greatest common divisor of 19951 and 117647?
71
Calculate the highest common divisor of 820847 and 25187.
89
What is the highest common factor of 2619425 and 105125?
725
What is the highest common factor of 135377962 and 431?
431
Calculate the highest common divisor of 16978 and 879034.
26
What is the highest common factor of 119220 and 579750?
30
What is the greatest common factor of 100779877 and 55?
11
What is the highest common divisor of 12328668 and 44?
44
Calculate the highest common divisor of 403 and 9134150.
31
What is the highest common factor of 1295 and 2605120?
35
Calculate the greatest common divisor of 141 and 4120349.
47
What is the highest common factor of 6765 and 953513?
11
Calculate the highest common divisor of 19206262 and 18472.
4618
What is the highest common factor of 340937937 and 108?
27
What is the highest common divisor of 47537873 and 1379?
197
What is the greatest common divisor of 24184987 and 7631?
587
Calculate the highest common factor of 5835 and 142506260.
1945
Calculate the greatest common divisor of 16115028 and 28281.
2571
What is the highest common divisor of 18537740 and 567580?
9620
Calculate the highest common factor of 1170585 and 32625.
1305
Calculate the highest common divisor of 148743 and 23513.
7
What is the greatest common factor of 104 and 183378182?
26
What is the highest common divisor of 6466859 and 209?
19
Calculate the highest common divisor of 12 and 2838111.
3
Calculate the greatest common factor of 33495575 and 7005.
2335
Calculate the greatest common factor of 7084 and 7191088.
92
Calculate the highest common factor of 459 and 4823937.
153
What is the highest common factor of 294684 and 5204?
4
Calculate the greatest common divisor of 753281402 and 536.
134
Cal